 s + 6. Suppose -53 = -2*c - h*g + 7, g - 5 = 0. What are the prime factors of c?
2, 5
Let d be (1 + (16/4)/(-8))*0. Suppose -5*b = -2*p - d*b + 31, 3*p - 38 = -b. What are the prime factors of p?
13
Let k be -8*(-2)/(-4)*1*17. Let y = k - -98. List the prime factors of y.
2, 3, 5
Suppose -q + 17 = 4*j, -2*j + 12*q - 11*q + 1 = 0. Suppose -j*a + 615 = 3*l, -5*a = 2*l - a - 418. What are the prime factors of l?
3, 67
Suppose -27 = -4*z - 3*b, 3*b + 1 = 3*z + 7. Suppose z*q - 229 = 152. Suppose 4*x - q - 91 = -3*i, 0 = -2*i - 4*x + 152. What are the prime factors of i?
2, 3, 11
Suppose s + 3*l - 18 = -4, 0 = -4*l. Let f(z) = z + 3. Let h be f(s). Suppose 5*p - 48 - h = 0. List the prime factors of p.
13
Let m = -20 - -83. Suppose -m = 8*s - s. List the prime factors of (36/(-15))/(s/30).
2
Let n = -50 + 53. Suppose 204 = 5*l + 3*r, 4 = r - n*r. List the prime factors of l.
2, 3, 7
Let d be 308/49 + 4/(-14). Suppose -7*a = -d*a - 37. Suppose -a = -4*v - 2*o - 1, -o + 2 = 0. What are the prime factors of v?
2
Suppose 11*p - 7948 = 808. List the prime factors of p.
2, 199
Suppose 153*h - 87168 = 89*h. What are the prime factors of h?
2, 3, 227
Let k = 24 - -45. Let x = 137 - k. What are the prime factors of x?
2, 17
Suppose q = 5*q + 208. Let x = 113 + q. List the prime factors of x.
61
Let m = 878 - -2. What are the prime factors of m?
2, 5, 11
Suppose 0 = -n + 2*j + 152, -2*j = -4*n - 0*n + 578. Let f = n + -68. What are the prime factors of f?
2, 37
Suppose 0 = 3*l - 2*p - 59, 67 = 4*l - 3*p - 2*p. Suppose -3*g + 124 = -l. List the prime factors of g.
7
Let u = -2233 + 4613. What are the prime factors of u?
2, 5, 7, 17
Suppose -4*o + 4*w + 56 = 0, 0 = 2*w + 3*w. Suppose -o*x = -8*x - 1122. List the prime factors of x.
11, 17
Let q = 1447 + -613. What are the prime factors of q?
2, 3, 139
Suppose 0 = 129*b + 12270 - 256983. List the prime factors of b.
7, 271
Let k(r) = 29*r**2 + r. Let u be k(-1). Let c = u + -16. Suppose -2*x = -x - c. List the prime factors of x.
2, 3
Suppose 25 = 2*o + 3*o. Let g = -1 + o. Suppose 0 = -n, g*f - 165 + 21 = 2*n. What are the prime factors of f?
2, 3
Let l(u) be the first derivative of 13*u**4/24 - 7*u**3/6 - 11*u**2/2 + 1. Let a(w) be the second derivative of l(w). List the prime factors of a(3).
2
Let p(b) = 34*b**2 - 24*b - 108. What are the prime factors of p(-7)?
2, 863
Let j = -472 + 752. Suppose -64 = -d + 4*h, -4*h - j = -2*d - 2*d. What are the prime factors of d?
2, 3
Let m(l) = 149*l - 20. List the prime factors of m(2).
2, 139
Suppose 0 = 3*x + x - 12. Suppose 0 = -2*n - 5*w + 31, x*n + w - 9 - 5 = 0. Suppose 0 = -2*h - n*h + 185. What are the prime factors of h?
37
Suppose -5 + 31 = -2*y - 5*z, -3*y - 29 = 5*z. List the prime factors of y/15 - 21/(-5).
2
Let g(n) = 4*n**2 + 59*n - 26. What are the prime factors of g(-16)?
2, 3
Suppose 16 = 5*q - 2*i - 39, 0 = -5*q - 2*i + 55. Let t = -8 + q. Suppose -120 = -0*b - t*b. What are the prime factors of b?
2, 5
Let z(x) = 49*x + 1. List the prime factors of z(1).
2, 5
List the prime factors of 4*(3 - -369) - (0 + -5).
1493
Suppose 101 - 23 = 6*u. List the prime factors of u.
13
Let x be 4/(12/39) - -2. Let t = 41 + -16. Suppose -x*g = -14*g - t. List the prime factors of g.
5
Let d be ((-126)/12)/(2/(-20)). Suppose 4*h - d = 39. List the prime factors of h.
2, 3
Suppose 3*b = -5*s - 8, -s - 4*b = b + 6. Let f(l) = -7*l**3 + 2*l**2 + l. Let d be f(s). Suppose -w + d = -5. What are the prime factors of w?
13
Let z(i) = -35*i - 20. Let p be z(-7). What are the prime factors of (-1 + 0 + 5)/(18/p)?
2, 5
Let x(b) = -11*b**3 - 15*b**3 + 2*b**2 - 2*b + 5 + 22*b**3 + 8*b. List the prime factors of x(-3).
113
Let m(u) = 7*u**2 - u. Suppose -4*i - 3*d = 27, -2*d = -5*i - 32 + 4. Let c = i + 5. What are the prime factors of m(c)?
2
Let r be (-2)/15 - 3087/135. Let c = 64 + r. List the prime factors of c.
41
List the prime factors of 1 - ((-10366)/14 + 21/49).
3, 13, 19
Let u be (-9 + -3)*16/(-6). Let z(x) = -x + 3. Let o be z(3). Let c = u + o. List the prime factors of c.
2
Suppose -i - 88 = 5. Let w = -142 - i. List the prime factors of 13/26 + w/(-2).
5
Let v(b) = -1489*b**3 + 2*b**2 + 4*b + 1. What are the prime factors of v(-1)?
2, 3, 31
Suppose 76 + 5 = 9*v. Suppose 0*m = -m. Let w = v + m. List the prime factors of w.
3
Let a be (0 - -2)/(((-2)/(-13))/2). Suppose -17*d = -a*d + 1008. List the prime factors of d.
2, 7
Suppose -2*l = 2*l - 4*b - 1324, l - 3*b = 333. Suppose 5*a + 6*c - 355 = 4*c, -3*c = -5*a + l. What are the prime factors of a?
3, 23
Let s be (-3)/(-2)*40/15. Suppose b = -0*b + 5, 5*a + s*b = 325. What are the prime factors of a?
61
Suppose -2*q + 572 + 1593 = 5*o, 3*o = 9. What are the prime factors of q?
5, 43
Let h(n) = -10*n + 2. Suppose 0*s - 23 = 4*b + 5*s, -b - 2*s - 8 = 0. List the prime factors of h(b).
2, 11
Suppose 2*w + p = 31, w + 14 = 2*w + p. Let l = 5 + w. Let z = 44 - l. List the prime factors of z.
2, 11
Let y(z) = 2*z**3 - 11*z**2 + 9*z - 5 - 2*z**3 - 2*z**3 + z**3. What are the prime factors of y(-12)?
31
Suppose -2*x = -2*b + 3*x + 153, 0 = -3*b + x + 236. Let u = b + -68. What are the prime factors of u?
11
Suppose a = -3*a + 4*s, 4*a = -3*s - 7. List the prime factors of (20/(-6))/(a/3).
2, 5
Let z be 561*((-7)/(-3) + -3). Let l be z/(-8) - (-2)/8. Suppose 0 = 4*w - l + 15. What are the prime factors of w?
2
Suppose 2*u + 3*p - 873 = 0, -2*p + 269 - 1559 = -3*u. What are the prime factors of u?
2, 3
Let z(a) = -1. Let l(i) = 10*i + 2. Let v(y) = -2*l(y) + 2*z(y). List the prime factors of v(-6).
2, 3, 19
Let k(b) = 4*b + 13. Let j be k(4). Let m = j + -24. What are the prime factors of m?
5
Let c(n) = n**3 + 4*n**2 - 2*n + 25. Let a be c(-5). Suppose 3*w = a*w - 1400. List the prime factors of w.
2, 5
Suppose -57*j = -240828 - 76719. List the prime factors of j.
3, 619
Suppose 4*k = -0*k. List the prime factors of (-31)/(k + 4/(-8)).
2, 31
Let q = 20 + 41. Let d = -38 + q. Suppose -242 = -5*h + d. List the prime factors of h.
53
Let p be 34 + ((-6)/2 - -3). Let o be (p/(-51))/((-1)/(-27)). List the prime factors of 90*(o/(-15))/3.
2, 3
Suppose 0 = 4*i - 13*i + 18. Suppose -i + 10 = 2*f. Suppose j - f - 33 = 0. What are the prime factors of j?
37
Let f(u) = -u - 86 + 87 + 5*u**2 - 2*u. List the prime factors of f(1).
3
Let u be (80/(-30))/(1/(-3)). Suppose 2*c = -0*c + 4*z - u, 4*c = -z + 2. Suppose -3*j - w + 74 = c, -4*j + 4*w = 5*w - 99. What are the prime factors of j?
5
Let w be (28 + -8)/(2/4). Let c be 1/5 + 1912/w. Suppose 4*n - c = -16. What are the prime factors of n?
2
Let s(c) = c**2 + c - 13. Let j be s(8). Suppose -2*u - 4*x - 174 = -5*u, j = u - x. List the prime factors of u.
2, 31
Suppose 0*p - 44928 = -9*p. List the prime factors of p.
2, 3, 13
Suppose -21*h = -12107 - 35500. What are the prime factors of h?
2267
Suppose 12*h - 24970 = -5038. List the prime factors of h.
11, 151
Let b(c) = 45*c**2 + 5*c + 5. List the prime factors of b(-2).
5, 7
Let f = -15 - -22. Let l be (-6)/(-21) - (-838)/f. Suppose -5*t = -2*z + 19, 5*z - l = -3*t + t. What are the prime factors of z?
2, 11
Let y = 42 - 40. Suppose -6*g + 2*g = y*v - 122, 0 = 5*v + 2*g - 345. What are the prime factors of v?
71
Let a be (-40)/(-30)*(-6)/4. Let g(d) = 8*d**2 - d - 4. What are the prime factors of g(a)?
2, 3, 5
Suppose -3*s = -5*x - 3076, 5*x = 3*s + 8*x - 3084. What are the prime factors of s?
13, 79
Suppose -4*p + 30 = -c, c + 3*p + 150 = -4*c. Let g = -5 - c. What are the prime factors of g?
5
Let x = -3412 - -5154. List the prime factors of x.
2, 13, 67
Suppose -a = 3*c - 34 - 114, a = 2*c + 148. List the prime factors of a.
2, 37
Let z = 6266 - 4286. What are the prime factors of z?
2, 3, 5, 11
Let m(w) = w**3 - 22*w**2 + 17*w + 28. Let d be m(22). Let g = 563 - d. List the prime factors of g.
7, 23
Let x(g) = -3*g**3 + g**2 + 2*g + 3. Let q be (-36)/24*(-4)/(-3). What are the prime factors of x(q)?
3
Let u be ((-4)/(-6))/(1/(-765)). Suppose 2*m = 15*m - 182. List the prime factors of u/(-21) - 4/m.
2, 3
Let h be 6*-2*105/(-9). Let y = -14 + h. Suppose y = -0*l + 3*l. List the prime factors of l.
2, 3, 7
Suppose -5*g + 73 = q, -2*q = 4*g + 22 - 174. Let h be 8*-7 + (0 - -2). Let b = q + h. List the prime factors of b.
2, 3
S